) = -c + 175. Let w be s(0). Suppose 5*n - 50 = w. Calculate the greatest common factor of n and 5.
5
Let t = 55 + 12. Suppose -3*r + 8*r = -195. Let s = r + t. Calculate the greatest common divisor of s and 42.
14
Suppose 6*q - 135 = 57. What is the highest common factor of q and 8?
8
Let g = -22 + 38. Let q be (-2)/(-7) + 110/7. Calculate the highest common factor of q and g.
16
Let f = 14 - 3. What is the highest common divisor of 88 and f?
11
Suppose 4*b - 3*p - 181 = 0, 2*b - 4*p - 23 - 65 = 0. Suppose -3*u = -b - 98. Calculate the greatest common divisor of 12 and u.
12
Suppose 0*k = -8*k + 112. Suppose -4*j = -2*j - 140. What is the highest common divisor of j and k?
14
Suppose 4 = x + 9. Let i(s) = 2 + 3 + 4*s - 6*s. Let c be i(x). Calculate the greatest common factor of 5 and c.
5
Let f = 23 - 13. Calculate the greatest common divisor of 90 and f.
10
Let s(r) = r**2 + 10*r - 12. Let v be s(-11). Let n be 57 + -1 + (v - -1). What is the highest common factor of 8 and n?
8
Suppose 4*v + 0*v - 672 = 0. Let z = 67 + -43. Calculate the greatest common divisor of z and v.
24
Let v = 5 - -2. Let p = v - -1. Let l = 75 + -63. What is the highest common divisor of l and p?
4
Suppose -7*o = 2*o - 189. What is the highest common divisor of o and 84?
21
Let h(j) = j**2 + 11*j + 10. Let d be h(-10). Suppose -2*w + 3*v = -25, -3*v = 2*w + 5 - d. Calculate the highest common factor of 50 and w.
5
Suppose 0*h = h - 7. What is the highest common factor of 7 and h?
7
Let z be ((-3)/6)/(1/(-4)). Let j = 2 + z. Let v(t) = -t**3 + 5*t**2 + 3*t. Let h be v(4). Calculate the highest common divisor of h and j.
4
Let i(p) = p**3 - 9*p**2 - p + 11. Let u be i(9). Let t be u - 3 - (-41 - -4). Suppose 0 = -2*x - 12 + t. Calculate the highest common divisor of x and 30.
6
Let b be (-1)/(-1)*13/1. Let r = 127 - -16. What is the greatest common factor of b and r?
13
Suppose -5*l - 2*y - 2*y - 683 = 0, -5*l + 3*y = 669. Let a = l + 289. Suppose 26 = 4*h - a. Calculate the greatest common divisor of h and 9.
9
Let b(y) = -y**2 + 14*y + 13. Let z be b(12). Let f = -11 + z. Calculate the greatest common factor of f and 104.
26
Suppose 66 = -12*q + 23*q. What is the highest common divisor of q and 3?
3
Suppose r - 6 = -r. Suppose -r*f - f + 352 = 0. Let j(z) = -z**2 - 8*z - 7. Let i be j(-5). Calculate the greatest common factor of f and i.
8
Let x(s) = 9*s - 2. Let b be x(4). Let m be (-1 - 40/(-6))*(-9 + 12). Calculate the greatest common factor of m and b.
17
Let q = -14 + 38. Calculate the greatest common factor of 12 and q.
12
Let s be 2 + 4/(-2) + 21. Let g(x) = x**3 - 8*x**2 + 7*x + 3. Let j be 8 - (-1 + 3 + -1). Let k be g(j). What is the greatest common factor of s and k?
3
Let y be 705/27 - 2/18. Calculate the highest common factor of 78 and y.
26
Let z(p) = -p**2 - 6*p - 7. Let t be z(-6). Suppose 4 - 5 = l. Let i = l - t. Calculate the highest common factor of i and 66.
6
Let k be 44*((-4)/8 - -1). Suppose 0 = -4*m + m - 4*o + 99, -3*m + 99 = 2*o. Calculate the greatest common divisor of k and m.
11
Let g be 165/(-6)*(-8)/20. Suppose -4*p = -10 - 34. What is the highest common divisor of p and g?
11
Let t be 15/(-9) + 4/6. Let o be (2/t + 26)*1. What is the highest common divisor of 60 and o?
12
Let s = -2 + -7. Let x = s + 11. Suppose x*v = -v + 6. Calculate the greatest common divisor of v and 18.
2
Let o = -42 - -29. Let s(c) = c. Let h(z) = z**2 + 14*z + 16. Let u(m) = h(m) - 3*s(m). Let q be u(o). What is the highest common divisor of q and 6?
6
Suppose -4*j - 56 = -4*p, 4*j + 3 = j. Let u(s) = -3 + 6*s**2 + 2 + 8*s**2. Let q be u(-1). Calculate the highest common divisor of q and p.
13
Let z(b) = b**3 - b**2 - 4*b - 1. Let c be z(3). Let s = c + 2. Calculate the greatest common factor of s and 1.
1
Suppose 4*w = 3*b - 142, 2*w - w - 202 = -4*b. What is the highest common divisor of 10 and b?
10
Suppose -5*t + 270 = 200. What is the greatest common divisor of 21 and t?
7
Let v be 1/(-3)*264/(-4). Suppose 4*k - 14 - v = 0. Calculate the greatest common factor of k and 99.
9
Let f be (288/(-56))/(4/(-14)). Calculate the greatest common factor of f and 144.
18
Let a(p) = p**2 + 4*p - 7. Let z be a(2). Calculate the greatest common factor of z and 15.
5
Suppose 5*f = 5*n - 10, -3*n - 2*f + 28 - 12 = 0. What is the greatest common divisor of 10 and n?
2
Let m = -6 + -3. Suppose 4*b = 3*x + 13, -5*x = -0*x + b + 37. Let y = x - m. What is the highest common divisor of 4 and y?
2
Let l(o) = -o**2 - 5*o + 35. Let f be l(-8). Let d be -3*(-1)/3 - -32. What is the greatest common divisor of d and f?
11
Suppose 0*c - 6*c + 102 = 0. What is the highest common divisor of 119 and c?
17
Let a(o) = -o**3 + 5*o**2 + 2*o - 6. Let d be a(4). Let l be (-1 - 3)*18/(-4). What is the highest common factor of l and d?
18
Let j(c) = -c**3 - 2 + 34*c**2 - 3*c - 28*c**2 + 0. Suppose 3 = 3*m - 9. Let f be j(m). Calculate the greatest common divisor of f and 108.
18
Let o(y) = -9*y + 4. Let g be o(-6). Calculate the highest common factor of g and 145.
29
Let i(m) = -19*m - 10. Let k be i(-5). What is the highest common divisor of k and 17?
17
Let f(k) = -k**2 - 6*k - 6. Let b be f(-4). Suppose -b*m + 0 = -2. Let h be 38 + m - (2 + -1). What is the highest common divisor of h and 19?
19
Let i = 16 - 13. Suppose -i*g + 66 = -2*g. Calculate the greatest common divisor of 11 and g.
11
Let i(y) = -97*y - 1. Suppose -u + 6*u = -5. Let k be i(u). Calculate the greatest common divisor of k and 12.
12
Let z(w) = w**2 - 12*w - 22. Let c be z(14). What is the greatest common factor of 9 and c?
3
Suppose k + 5*u - 8 - 14 = 0, -3*k - 3*u + 18 = 0. What is the highest common factor of 22 and k?
2
Suppose 5*z - 75 = -5*g, 4*z - 3*g - 23 - 2 = 0. Calculate the greatest common divisor of 25 and z.
5
Let z be 96/7 - (-12)/42. Let b be (-21)/(-49) - 6/z. Suppose -a + 0 + 5 = b. Calculate the greatest common divisor of 35 and a.
5
Let g(h) = -h**3 + h**2 + 2*h + 4. Let u be g(-3). Let i be 0*2*(-2)/4. Suppose 68 = -i*t + 4*t. Calculate the highest common factor of t and u.
17
Suppose 0 = -j + 20 + 134. What is the highest common factor of j and 14?
14
Let g be -3 + (63 - 1) + 1. Calculate the highest common factor of 15 and g.
15
Suppose -28 = -g - 3*g. Suppose -4*q + 2*p = -0*p - 18, 45 = 5*q + 2*p. Calculate the greatest common divisor of q and g.
7
Let t = 9 + 3. Suppose 0 = 4*m - t - 68. Calculate the greatest common divisor of 5 and m.
5
Suppose 3*y + 171 = 606. Suppose w = 2*k + y, 4*k + 4*w + 150 = 2*k. Let x = 15 - k. What is the highest common divisor of 11 and x?
11
Let v be 24/(-3)*4 + 3. Let l = v + 41. Calculate the greatest common divisor of l and 8.
4
Let i(k) = k**2 - 15*k - 24. Let u be i(17). What is the highest common factor of u and 20?
10
Let d(u) = -4*u**3 + 3*u + 2. Let c be d(-2). Suppose 0 = 2*j + 2*j - 16, 3*p = 2*j + c. Calculate the greatest common divisor of p and 8.
4
Let l be 4/(-14) - 102/(-14). Let t be (22 + -28)*(-7)/3. Calculate the highest common factor of t and l.
7
Suppose -5*t - 215 + 705 = 0. What is the greatest common factor of 14 and t?
14
Suppose -32 = 3*i - 7*i. Let f be 25 - -2*3/(-6). What is the highest common factor of i and f?
8
Suppose 3*p - 6*p = -57. Let b = p + 6. What is the highest common divisor of b and 10?
5
Let q = 161 + -83. What is the highest common divisor of 26 and q?
26
Let l = -42 + 67. Suppose j - y = 3*j - l, 8 = j - 4*y. Calculate the highest common divisor of 6 and j.
6
Suppose 0 = -3*s + s. Suppose -c = -h - 94, -c - 3*h = -s*c - 98. Suppose -5*t + 171 = -5*w - 104, c = 2*t + w. What is the highest common factor of t and 10?
10
Let n = 7 + -12. Let h(d) = d**2 + 4*d - 3. Let q be h(n). Let o = 3 - q. Calculate the greatest common divisor of 11 and o.
1
Let q be ((-24)/(-20))/((-3)/(-40)). Suppose -i + q + 0 = 0. Suppose -3*v - 32 = -4*v. Calculate the highest common divisor of i and v.
16
Suppose 5*z = -5*a + 105, 0*z - z + 39 = 2*a. Suppose 30 + a = 2*x. Let b = -10 + x. What is the highest common factor of 70 and b?
14
Let y(i) = 2*i + 33. Let p be y(-11). Calculate the greatest common factor of p and 297.
11
Let l(w) = -w**2 - 2*w. Let z be l(-2). Let i(s) = -s + 5. Let y be i(z). Suppose 4*k - y*k = -65. Calculate the hi